28887 composite?
True
Is 8465 a composite number?
True
Is 5936119 a prime number?
False
Is 21667 prime?
False
Is 2819 a composite number?
False
Is 194963 a composite number?
False
Is 456791 a composite number?
False
Is 167953 a composite number?
False
Is 121031 a composite number?
True
Is 1975069 prime?
False
Is 3407 a prime number?
True
Is 16771 composite?
True
Is 14107 a composite number?
False
Is 820817 prime?
False
Is 5755 composite?
True
Is 1640927 prime?
True
Is 839 composite?
False
Is 275497 composite?
True
Is 436249 a composite number?
True
Is 6247 a composite number?
False
Is 99982 composite?
True
Is 90957 prime?
False
Is 40189 a prime number?
True
Is 1009937 a composite number?
False
Is 2411 composite?
False
Is 446347 a composite number?
True
Is 318023 composite?
False
Is 134857 a prime number?
True
Is 10533 prime?
False
Is 464153 a prime number?
False
Is 11597 a composite number?
False
Is 26951 composite?
False
Is 5969 composite?
True
Is 419047 a prime number?
True
Is 24943 composite?
False
Is 19913 a prime number?
True
Is 475489 prime?
False
Is 522287 a prime number?
False
Is 142999 prime?
False
Is 252571 a prime number?
False
Is 404597 a prime number?
True
Is 87179 prime?
True
Is 9527 composite?
True
Is 11743 prime?
True
Is 1277 a composite number?
False
Is 943 a prime number?
False
Is 1050529 composite?
True
Is 30449 a composite number?
False
Is 87331 prime?
False
Is 926753 prime?
False
Is 3442 prime?
False
Is 2309 a prime number?
True
Is 105199 prime?
True
Is 171767 composite?
True
Is 2286209 a prime number?
False
Is 95063 prime?
True
Is 66841 a composite number?
False
Is 114743 composite?
False
Is 15734 prime?
False
Is 84779 a composite number?
True
Is 2705 a prime number?
False
Is 2203279 composite?
True
Is 40543 a composite number?
False
Is 32329 a prime number?
False
Is 2130713 prime?
False
Is 4861 composite?
False
Is 17783 a prime number?
True
Is 249265 composite?
True
Is 15131 a composite number?
False
Is 160249 prime?
False
Is 15493 a prime number?
True
Is 6947 prime?
True
Is 62921 composite?
False
Is 49391 composite?
False
Is 81143 composite?
True
Is 913513 composite?
False
Is 739091 composite?
True
Is 26669 prime?
True
Is 115265 a composite number?
True
Is 6227 composite?
True
Is 156929 a composite number?
True
Is 157519 a composite number?
False
Is 469877 composite?
False
Is 5471 a prime number?
True
Is 355063 a prime number?
True
Is 169567 prime?
True
Is 789779 prime?
False
Is 59299 a prime number?
False
Is 11197 a prime number?
True
Is 4177 a prime number?
True
Is 7949 a prime number?
True
Is 26491 a composite number?
True
Is 2033 a composite number?
True
Is 5623 a composite number?
False
Is 129106 a composite number?
True
Is 3722 prime?
False
Is 30111 prime?
False
Is 12679 prime?
False
Is 7919 composite?
False
Is 174139 a composite number?
True
Is 156895 a prime number?
False
Is 36947 a prime number?
True
Is 25777 a composite number?
True
Is 1372531 prime?
True
Is 65153 prime?
False
Is 130147 a composite number?
False
Is 10495 composite?
True
Is 658367 prime?
True
Is 49661 composite?
True
Is 122833 prime?
True
Is 119159 composite?
False
Is 65669 a prime number?
False
Is 244391 a prime number?
False
Is 893 a prime number?
False
Is 270899 a prime number?
True
Is 328283 a prime number?
True
Is 171487 composite?
True
Is 255031 a composite number?
True
Is 57917 composite?
False
Is 4331 a prime number?
False
Is 803 a composite number?
True
Is 818 a prime number?
False
Is 80257 a composite number?
True
Is 12071 composite?
False
Is 46549 a prime number?
True
Is 143369 a composite number?
True
Is 3761 prime?
True
Is 2929 prime?
False
Is 6787 prime?
False
Is 229289 a prime number?
False
Is 2881 a composite number?
True
Is 248047 a composite number?
True
Is 604379 prime?
True
Is 87739 composite?
False
Is 237041 composite?
True
Is 138679 a composite number?
False
Is 15121 a prime number?
True
Is 3919 a prime number?
True
Is 3691717 composite?
False
Is 75133 a composite number?
False
Is 11273 a composite number?
False
Is 14041 a composite number?
True
Is 4481011 composite?
True
Is 5519 a composite number?
False
Is 32987 prime?
True
Is 640993 composite?
False
Is 4198 composite?
True
Is 2787919 a composite number?
False
Is 4855 composite?
True
Is 8501 a prime number?
True
Is 433571 a prime number?
True
Is 7639 prime?
True
Is 50707 a composite number?
False
Is 5701 a prime number?
True
Is 972787 prime?
True
Is 89 composite?
False
Is 515 a prime number?
False
Is 18339 a composite number?
True
Is 860861 a composite number?
False
Is 7531 prime?
False
Is 11657 a prime number?
True
Is 1538171 composite?
True
Is 17093 a prime number?
True
Is 16751 a composite number?
True
Is 895415 composite?
True
Is 2923 prime?
False
Is 890389 a composite number?
True
Is 31667 a prime number?
True
Is 12205 a composite number?
True
Is 2437 a composite number?
False
Is 9609 prime?
False
Is 38219 prime?
True
Is 7187 composite?
False
Is 4119 composite?
True
Is 10223 composite?
False
Is 53953 prime?
False
Is 53723 a prime number?
False
Is 284311 prime?
True
Is 3065 prime?
False
Is 2927 prime?
True
Is 2413 a prime number?
False
Is 6287 a prime number?
True
Is 4111 a composite number?
False
Is 476837 a composite number?
True
Is 51703 prime?
False
Is 815 prime?
False
Is 36833 composite?
False
Is 2533 prime?
False
Is 236347 composite?
True
Is 17146 a prime number?
False
Is 328633 prime?
True
Is 6731 prime?
False
Is 91331 a prime number?
True
Is 7393 prime?
True
Is 322147 prime?
False
Is 1358009 a prime number?
True
Is 29551 a composite number?
True
Is 5939 prime?
True
Is 156773 composite?
True
Is 599087 composite?
False
Is 448113 prime?
False
Is 58177 prime?
False
Is 168617 composite?
False
Is 15757 composite?
True
Is 2243 a composite number?
False
Is 87893 a prime number?
False
Is 1589 composite?
True
Is 967 a composite number?
False
Is 133349 a prime number?
True
Is 75497 a prime number?
False
Is 205019 composite?
False
Is 816539 a prime number?
True
Is 56489 prime?
True
Is 8131 a composite number?
True
Is 611533 a prime number?
False
Is 18805 a composite number?
True
Is 3207 a prime number?
False
Is 5293 composite?
True
Is 18339 prime?
False
Is 122431 prime?
False
Is 622929 a composite number?
True
Is 34309 composite?
True
Is 10801 a prime number?
False
Is 261661 a prime number?
False
Is 1305811 a prime number?
False
Is 1039 a composite number?
False
Is 217543 prime?
False
Is 730811 a composite number?
False
Is 45247 prime?
True
Is 182839 prime?
True
Is 320417 prime?
True
Is 1054817 a prime number?
False
Is 32309 a composite number?
False
Is 25073 a prime number?
True
Is 409691 a composite number?
False
Is 149239 a prime number?
True
Is 16847 a prime number?
False
Is 5077 a prime number?
True
Is 46327 a composite number?
False
Is 18589 a prime number?
False
Is 133853 composite?
False
Is 111247 composite?
True
Is 109717 a composite number?
False
Is 50021 composite?
False
Is 5720053 a prime number?
True
Is 56179 composite?
False
Is 164387 a composite number?
False
Is 11983 a composite number?
True
Is 135131 a composite number?
False
Is 98123 composite?
False
Is 306083 composite?
False
Is 45307 a composite number?
False
Is 15157 a composite number?
True
Is 83829 a composite number?
True
Is 60427 a composite number?
False
Is 58997 prime?
True
Is 166955 prime?
False
Is 8039 prime?
True
Is 12941 a prime number?
True
Is 5507 a composite number?
False
Is 4439 a prime number?
False
Is 581981 prime?
True
Is 27103 a prime number?
True
Is 226973 composite?
True
Is 351413 a prime number?
True
Is 4309 composite?
True
Is 26821 a composite number?
False
Is 23993 prime?
True
Is 119971 a prime number?
True
Is 24287 composite?
True
Is 7895167 prime?
False
Is 295287 a composite number?
True
Is 183341 a composite number?
True
Is 46993 prime?
True
Is 18303 a composite number?
True
Is 1119 a prime number?
False
Is 536353 a prime number?
True
Is 115727 a composite number?
False
Is 347651 a composite number?
False
Is 14786 prime?
False
Is 10471 prime?
False
Is 299629 composite?
True
Is 739 a prime number?
True
Is 99537 composite?
True
Is 7451 prime?
True
Is 51167 composite?
True
Is 101731 a composite number?
True
Is 1270459 composite?
True
Is 67103 prime?
True
Is 263537 prime?
T